3
What is the greatest common divisor of 11863308 and 828?
276
What is the highest common divisor of 2409 and 148126?
11
Calculate the highest common factor of 25927 and 195631.
2357
Calculate the greatest common divisor of 16173 and 232060986.
5391
What is the greatest common divisor of 4516 and 63384318?
2258
Calculate the highest common divisor of 27682432 and 8832.
2944
Calculate the greatest common divisor of 294800 and 21854800.
4400
What is the highest common factor of 26446 and 189630?
14
What is the highest common factor of 136 and 20706?
34
What is the highest common divisor of 27322 and 107692?
38
What is the highest common divisor of 5515650 and 29664?
1854
What is the greatest common factor of 10 and 15484010?
10
Calculate the highest common factor of 3544 and 16474284.
1772
Calculate the highest common divisor of 777 and 7868457.
111
What is the greatest common divisor of 120638 and 3577?
49
What is the highest common divisor of 5791545 and 3580?
895
Calculate the greatest common factor of 5363285 and 480.
5
What is the highest common factor of 9758103 and 2037?
291
Calculate the highest common factor of 136017259 and 14.
7
What is the highest common factor of 30173693 and 55?
11
What is the greatest common factor of 711954 and 851?
37
Calculate the highest common divisor of 1761149 and 1077375.
2873
What is the highest common divisor of 94172 and 27872?
52
What is the highest common divisor of 4191040 and 12992?
448
What is the highest common divisor of 253423964 and 68?
68
What is the greatest common factor of 807141 and 11748?
267
Calculate the highest common factor of 1573008 and 156.
12
Calculate the greatest common divisor of 7319 and 526177548.
7319
What is the greatest common divisor of 273 and 235893?
21
Calculate the greatest common divisor of 630330 and 525.
15
What is the highest common divisor of 2211 and 246828?
201
Calculate the highest common factor of 1760 and 5682160.
880
What is the highest common divisor of 685563709 and 17?
17
What is the greatest common factor of 503823605 and 635?
635
Calculate the highest common divisor of 94573864 and 264.
88
What is the highest common factor of 20352 and 223992?
24
Calculate the highest common factor of 2085 and 115188744.
417
What is the greatest common divisor of 1100551 and 18057?
463
What is the highest common divisor of 165900016 and 20032?
5008
Calculate the highest common factor of 91580255 and 845.
845
What is the greatest common divisor of 28 and 15639764?
28
What is the greatest common divisor of 20 and 341328860?
20
Calculate the greatest common factor of 35672 and 7030816.
104
What is the greatest common divisor of 72 and 948024792?
72
Calculate the greatest common factor of 42858609 and 70967.
5459
What is the greatest common divisor of 27138755 and 2240?
35
What is the greatest common divisor of 1376 and 9984256?
1376
Calculate the highest common factor of 1046132962 and 14.
14
Calculate the highest common divisor of 1007804 and 56.
28
What is the greatest common factor of 12871518 and 618?
6
What is the greatest common divisor of 30 and 7844622?
6
Calculate the highest common divisor of 95804706 and 90804.
6486
What is the highest common divisor of 14016 and 7035156?
876
What is the greatest common divisor of 49257757 and 537?
179
What is the highest common divisor of 4384 and 240483224?
1096
What is the greatest common divisor of 1576 and 88632664?
1576
Calculate the greatest common divisor of 661115 and 68385445.
7265
Calculate the highest common factor of 294686 and 127400.
98
Calculate the highest common factor of 3243 and 5453139.
69
What is the greatest common factor of 221833146 and 6582?
6582
Calculate the greatest common factor of 10939721 and 236.
59
What is the greatest common factor of 5547 and 139492?
43
Calculate the highest common factor of 27261 and 15273.
9
What is the greatest common factor of 7786758 and 235818?
2382
What is the greatest common factor of 834 and 6910802?
278
Calculate the highest common divisor of 34584 and 173688.
24
What is the highest common divisor of 10419995 and 1030?
515
What is the greatest common factor of 2820 and 935790?
30
Calculate the highest common factor of 242081547 and 10302.
5151
What is the greatest common factor of 2927914 and 638?
22
What is the highest common divisor of 143083 and 19527?
23
What is the greatest common factor of 2676 and 91884?
12
What is the greatest common factor of 260 and 652684?
4
What is the greatest common factor of 161919 and 261869?
1999
What is the greatest common divisor of 1707552 and 19782?
126
Calculate the highest common factor of 13312 and 4394.
26
What is the greatest common divisor of 1800 and 446436?
36
What is the greatest common divisor of 1504 and 136515448?
376
Calculate the greatest common factor of 90999412 and 5502.
1834
Calculate the highest common divisor of 7195325 and 225.
25
What is the highest common factor of 48993 and 383901?
21
Calculate the greatest common factor of 1487095 and 5756822.
5041
What is the highest common factor of 360 and 31265880?
120
What is the greatest common divisor of 22686 and 517002?
1194
Calculate the greatest common divisor of 849811 and 27263.
137
What is the highest common divisor of 166138616 and 14?
14
What is the greatest common divisor of 1070032 and 208?
16
Calculate the greatest common divisor of 3562504 and 2200.
88
Calculate the greatest common divisor of 18296376 and 168.
168
Calculate the greatest common factor of 20938 and 239704.
722
Calculate the greatest common divisor of 584 and 8906.
146
Calculate the greatest common factor of 41738700 and 2400.
300
Calculate the greatest common factor of 27 and 5173797861.
27
Calculate the highest common factor of 652 and 59649524.
652
Calculate the highest common divisor of 22551903 and 198.
99
Calculate the highest common divisor of 630 and 17448390.
90
Calculate the highest common factor of 1307765004 and 21.
21
Calculate the greatest common divisor of 399175040 and 11.
11
What is the highest common divisor of 2650000 and 27984?
848
Calculate the highest common factor of 10965 and 63597.
2193
Calculate the highest common divisor of 10608 and 10477168.
3536
Calculate the highest common factor of 22 and 44939499.
11
Calculate the highest common factor of 1340 and 160340.
20
What is the greatest common divisor of 36927 and 987591?
33
Calculate the greatest common divisor of 4232021 and 42958.
47
Calculate the highest common divisor of 9509699 and 191.
191
What is the greatest common divisor of 256 and 1455584?
32
Calculate the greatest common factor of 35251275 and 50.
25
What is the greatest common factor of 21828 and 2116228?
68
What is the highest common divisor of 619135 and 15345?
55
What is the greatest common divisor of 83 and 5357813?
1
Calculate the highest common factor of 125215428 and 1937.
1937
Calculate the highest common divisor of 12492 and 6618.
6
Calculate the highest common divisor of 211631 and 2115076.
617
Calculate the greatest common divisor of 370674 and 2682.
18
What is the greatest common factor of 4697713 and 626203?
2381
What is the greatest common divisor of 7194 and 132326?
218
What is the highest common divisor of 1896 and 1811154?
474
Calculate the greatest common factor of 11008 and 296528.
688
What is the greatest common divisor of 710136 and 2016?
504
What is the highest common divisor of 4520796 and 14532?
84
Calculate the highest common factor of 110454675 and 226.
113
What is the greatest common divisor of 24943048 and 532?
76
What is the highest common factor of 777 and 1365411?
111
What is the highest common divisor of 74425792 and 224?
224
What is the highest common factor of 19534267 and 34464?
359
Calculate the highest common divisor of 98336 and 258.
2
Calculate the greatest common divisor of 111583 and 672739.
463
What is the greatest common divisor of 59524 and 1257180?
92
Calculate the greatest common divisor of 2242 and 788614.
38
Calculate the greatest common factor of 38984 and 3987.
443
What is the greatest common divisor of 636226074 and 22?
22
What is the highest common factor of 2292 and 1703237916?
2292
What is the greatest common factor of 1187088 and 6?
6
Calculate the highest common factor of 191072719 and 47.